{"id":2568,"date":"2021-12-29T10:23:17","date_gmt":"2021-12-29T16:23:17","guid":{"rendered":"https:\/\/laespigadeyalalag.com\/index.php\/product\/blusa-pechera-tipo-camisa-negra-con-unibolsa-delantera-derecha\/"},"modified":"2025-09-05T16:45:48","modified_gmt":"2025-09-05T22:45:48","slug":"blusa-pechera-tipo-camisa-negra-con-unibolsa-delantera-derecha","status":"publish","type":"product","link":"https:\/\/laespigadeyalalag.com\/index.php\/product\/blusa-pechera-tipo-camisa-negra-con-unibolsa-delantera-derecha\/","title":{"rendered":"Blusa pechera tipo camisa negra con unibolsa delantera derecha"},"content":{"rendered":"<p>La blusa pechera tipo camisa de la l\u00ednea Cub es una prenda elaborada con tela de manta 100% algod\u00f3n, dise\u00f1ada con un ajuste regular para brindar comodidad y movilidad; la aplicaci\u00f3n de la pechera tradicional de la comunidad Yalalt\u00e9ca, acompa\u00f1ada de un olan tableado, realizado con una t\u00e9cnica tradicional, en compa\u00f1\u00eda de la unibolsa derecha da realce a tan conocida prenda.<\/p>\n<p><img loading=\"lazy\" decoding=\"async\" class=\"alignnone size-full wp-image-2269\" src=\"https:\/\/laespigadeyalalag.com\/wp-content\/uploads\/2021\/11\/tabla-blusa-camisera.png\" alt=\"\" width=\"1080\" height=\"1080\" srcset=\"https:\/\/laespigadeyalalag.com\/wp-content\/uploads\/2021\/11\/tabla-blusa-camisera.png 1080w, https:\/\/laespigadeyalalag.com\/wp-content\/uploads\/2021\/11\/tabla-blusa-camisera-300x300.png 300w, https:\/\/laespigadeyalalag.com\/wp-content\/uploads\/2021\/11\/tabla-blusa-camisera-1000x1000.png 1000w\" sizes=\"auto, (max-width: 1080px) 100vw, 1080px\" \/><\/p>\n","protected":false},"excerpt":{"rendered":"<p>La blusa pechera tipo camisa de la l\u00ednea Cub es una prenda elaborada con tela de manta 100% algod\u00f3n, dise\u00f1ada con un ajuste regular para brindar<span class=\"excerpt-hellip\"> [\u2026]<\/span><\/p>\n","protected":false},"featured_media":3252,"comment_status":"open","ping_status":"closed","template":"","meta":[],"product_cat":[227,135],"product_tag":[],"class_list":["post-2568","product","type-product","status-publish","has-post-thumbnail","hentry","product_cat-blusa-camisera-tipo-pechera","product_cat-blusas"],"yoast_head":"<!-- This site is optimized with the Yoast SEO plugin v18.8 - https:\/\/yoast.com\/wordpress\/plugins\/seo\/ -->\n<title>Blusa pechera tipo camisa negra con unibolsa delantera derecha - La Espiga de Yal\u00e1lag<\/title>\n<meta name=\"robots\" content=\"index, follow, max-snippet:-1, max-image-preview:large, max-video-preview:-1\" \/>\n<link rel=\"canonical\" href=\"https:\/\/laespigadeyalalag.com\/index.php\/product\/blusa-pechera-tipo-camisa-negra-con-unibolsa-delantera-derecha\/\" \/>\n<meta property=\"og:locale\" content=\"es_MX\" \/>\n<meta property=\"og:type\" content=\"article\" \/>\n<meta property=\"og:title\" content=\"Blusa pechera tipo camisa negra con unibolsa delantera derecha - La Espiga de Yal\u00e1lag\" \/>\n<meta property=\"og:description\" content=\"La blusa pechera tipo camisa de la l\u00ednea Cub es una prenda elaborada con tela de manta 100% algod\u00f3n, dise\u00f1ada con un ajuste regular para brindar [\u2026]\" \/>\n<meta property=\"og:url\" content=\"https:\/\/laespigadeyalalag.com\/index.php\/product\/blusa-pechera-tipo-camisa-negra-con-unibolsa-delantera-derecha\/\" \/>\n<meta property=\"og:site_name\" content=\"La Espiga de Yal\u00e1lag\" \/>\n<meta property=\"article:modified_time\" content=\"2025-09-05T22:45:48+00:00\" \/>\n<meta property=\"og:image\" content=\"https:\/\/laespigadeyalalag.com\/wp-content\/uploads\/2021\/12\/BLUSA-PECHERA-TIPO-CAMISA-NEGRA-1.png\" \/>\n\t<meta property=\"og:image:width\" content=\"800\" \/>\n\t<meta property=\"og:image:height\" content=\"800\" \/>\n\t<meta property=\"og:image:type\" content=\"image\/png\" \/>\n<meta name=\"twitter:card\" content=\"summary_large_image\" \/>\n<meta name=\"twitter:label1\" content=\"Tiempo de lectura\" \/>\n\t<meta name=\"twitter:data1\" content=\"1 minuto\" \/>\n<script type=\"application\/ld+json\" class=\"yoast-schema-graph\">{\"@context\":\"https:\/\/schema.org\",\"@graph\":[{\"@type\":\"WebSite\",\"@id\":\"https:\/\/laespigadeyalalag.com\/#website\",\"url\":\"https:\/\/laespigadeyalalag.com\/\",\"name\":\"La Espiga de Yal\u00e1lag\",\"description\":\"Tradiciones Bordadas a Mano\",\"potentialAction\":[{\"@type\":\"SearchAction\",\"target\":{\"@type\":\"EntryPoint\",\"urlTemplate\":\"https:\/\/laespigadeyalalag.com\/?s={search_term_string}\"},\"query-input\":\"required name=search_term_string\"}],\"inLanguage\":\"es\"},{\"@type\":\"ImageObject\",\"inLanguage\":\"es\",\"@id\":\"https:\/\/laespigadeyalalag.com\/index.php\/product\/blusa-pechera-tipo-camisa-negra-con-unibolsa-delantera-derecha\/#primaryimage\",\"url\":\"https:\/\/laespigadeyalalag.com\/wp-content\/uploads\/2021\/12\/BLUSA-PECHERA-TIPO-CAMISA-NEGRA-1.png\",\"contentUrl\":\"https:\/\/laespigadeyalalag.com\/wp-content\/uploads\/2021\/12\/BLUSA-PECHERA-TIPO-CAMISA-NEGRA-1.png\",\"width\":800,\"height\":800},{\"@type\":\"WebPage\",\"@id\":\"https:\/\/laespigadeyalalag.com\/index.php\/product\/blusa-pechera-tipo-camisa-negra-con-unibolsa-delantera-derecha\/#webpage\",\"url\":\"https:\/\/laespigadeyalalag.com\/index.php\/product\/blusa-pechera-tipo-camisa-negra-con-unibolsa-delantera-derecha\/\",\"name\":\"Blusa pechera tipo camisa negra con unibolsa delantera derecha - La Espiga de Yal\u00e1lag\",\"isPartOf\":{\"@id\":\"https:\/\/laespigadeyalalag.com\/#website\"},\"primaryImageOfPage\":{\"@id\":\"https:\/\/laespigadeyalalag.com\/index.php\/product\/blusa-pechera-tipo-camisa-negra-con-unibolsa-delantera-derecha\/#primaryimage\"},\"datePublished\":\"2021-12-29T16:23:17+00:00\",\"dateModified\":\"2025-09-05T22:45:48+00:00\",\"breadcrumb\":{\"@id\":\"https:\/\/laespigadeyalalag.com\/index.php\/product\/blusa-pechera-tipo-camisa-negra-con-unibolsa-delantera-derecha\/#breadcrumb\"},\"inLanguage\":\"es\",\"potentialAction\":[{\"@type\":\"ReadAction\",\"target\":[\"https:\/\/laespigadeyalalag.com\/index.php\/product\/blusa-pechera-tipo-camisa-negra-con-unibolsa-delantera-derecha\/\"]}]},{\"@type\":\"BreadcrumbList\",\"@id\":\"https:\/\/laespigadeyalalag.com\/index.php\/product\/blusa-pechera-tipo-camisa-negra-con-unibolsa-delantera-derecha\/#breadcrumb\",\"itemListElement\":[{\"@type\":\"ListItem\",\"position\":1,\"name\":\"Inicio\",\"item\":\"https:\/\/laespigadeyalalag.com\/\"},{\"@type\":\"ListItem\",\"position\":2,\"name\":\"Tienda\",\"item\":\"https:\/\/laespigadeyalalag.com\/index.php\/tienda\/\"},{\"@type\":\"ListItem\",\"position\":3,\"name\":\"Blusa pechera tipo camisa negra con unibolsa delantera derecha\"}]}]}<\/script>\n<!-- \/ Yoast SEO plugin. -->","yoast_head_json":{"title":"Blusa pechera tipo camisa negra con unibolsa delantera derecha - La Espiga de Yal\u00e1lag","robots":{"index":"index","follow":"follow","max-snippet":"max-snippet:-1","max-image-preview":"max-image-preview:large","max-video-preview":"max-video-preview:-1"},"canonical":"https:\/\/laespigadeyalalag.com\/index.php\/product\/blusa-pechera-tipo-camisa-negra-con-unibolsa-delantera-derecha\/","og_locale":"es_MX","og_type":"article","og_title":"Blusa pechera tipo camisa negra con unibolsa delantera derecha - La Espiga de Yal\u00e1lag","og_description":"La blusa pechera tipo camisa de la l\u00ednea Cub es una prenda elaborada con tela de manta 100% algod\u00f3n, dise\u00f1ada con un ajuste regular para brindar [\u2026]","og_url":"https:\/\/laespigadeyalalag.com\/index.php\/product\/blusa-pechera-tipo-camisa-negra-con-unibolsa-delantera-derecha\/","og_site_name":"La Espiga de Yal\u00e1lag","article_modified_time":"2025-09-05T22:45:48+00:00","og_image":[{"width":800,"height":800,"url":"https:\/\/laespigadeyalalag.com\/wp-content\/uploads\/2021\/12\/BLUSA-PECHERA-TIPO-CAMISA-NEGRA-1.png","type":"image\/png"}],"twitter_card":"summary_large_image","twitter_misc":{"Tiempo de lectura":"1 minuto"},"schema":{"@context":"https:\/\/schema.org","@graph":[{"@type":"WebSite","@id":"https:\/\/laespigadeyalalag.com\/#website","url":"https:\/\/laespigadeyalalag.com\/","name":"La Espiga de Yal\u00e1lag","description":"Tradiciones Bordadas a Mano","potentialAction":[{"@type":"SearchAction","target":{"@type":"EntryPoint","urlTemplate":"https:\/\/laespigadeyalalag.com\/?s={search_term_string}"},"query-input":"required name=search_term_string"}],"inLanguage":"es"},{"@type":"ImageObject","inLanguage":"es","@id":"https:\/\/laespigadeyalalag.com\/index.php\/product\/blusa-pechera-tipo-camisa-negra-con-unibolsa-delantera-derecha\/#primaryimage","url":"https:\/\/laespigadeyalalag.com\/wp-content\/uploads\/2021\/12\/BLUSA-PECHERA-TIPO-CAMISA-NEGRA-1.png","contentUrl":"https:\/\/laespigadeyalalag.com\/wp-content\/uploads\/2021\/12\/BLUSA-PECHERA-TIPO-CAMISA-NEGRA-1.png","width":800,"height":800},{"@type":"WebPage","@id":"https:\/\/laespigadeyalalag.com\/index.php\/product\/blusa-pechera-tipo-camisa-negra-con-unibolsa-delantera-derecha\/#webpage","url":"https:\/\/laespigadeyalalag.com\/index.php\/product\/blusa-pechera-tipo-camisa-negra-con-unibolsa-delantera-derecha\/","name":"Blusa pechera tipo camisa negra con unibolsa delantera derecha - La Espiga de Yal\u00e1lag","isPartOf":{"@id":"https:\/\/laespigadeyalalag.com\/#website"},"primaryImageOfPage":{"@id":"https:\/\/laespigadeyalalag.com\/index.php\/product\/blusa-pechera-tipo-camisa-negra-con-unibolsa-delantera-derecha\/#primaryimage"},"datePublished":"2021-12-29T16:23:17+00:00","dateModified":"2025-09-05T22:45:48+00:00","breadcrumb":{"@id":"https:\/\/laespigadeyalalag.com\/index.php\/product\/blusa-pechera-tipo-camisa-negra-con-unibolsa-delantera-derecha\/#breadcrumb"},"inLanguage":"es","potentialAction":[{"@type":"ReadAction","target":["https:\/\/laespigadeyalalag.com\/index.php\/product\/blusa-pechera-tipo-camisa-negra-con-unibolsa-delantera-derecha\/"]}]},{"@type":"BreadcrumbList","@id":"https:\/\/laespigadeyalalag.com\/index.php\/product\/blusa-pechera-tipo-camisa-negra-con-unibolsa-delantera-derecha\/#breadcrumb","itemListElement":[{"@type":"ListItem","position":1,"name":"Inicio","item":"https:\/\/laespigadeyalalag.com\/"},{"@type":"ListItem","position":2,"name":"Tienda","item":"https:\/\/laespigadeyalalag.com\/index.php\/tienda\/"},{"@type":"ListItem","position":3,"name":"Blusa pechera tipo camisa negra con unibolsa delantera derecha"}]}]}},"_links":{"self":[{"href":"https:\/\/laespigadeyalalag.com\/index.php\/wp-json\/wp\/v2\/product\/2568","targetHints":{"allow":["GET"]}}],"collection":[{"href":"https:\/\/laespigadeyalalag.com\/index.php\/wp-json\/wp\/v2\/product"}],"about":[{"href":"https:\/\/laespigadeyalalag.com\/index.php\/wp-json\/wp\/v2\/types\/product"}],"replies":[{"embeddable":true,"href":"https:\/\/laespigadeyalalag.com\/index.php\/wp-json\/wp\/v2\/comments?post=2568"}],"wp:featuredmedia":[{"embeddable":true,"href":"https:\/\/laespigadeyalalag.com\/index.php\/wp-json\/wp\/v2\/media\/3252"}],"wp:attachment":[{"href":"https:\/\/laespigadeyalalag.com\/index.php\/wp-json\/wp\/v2\/media?parent=2568"}],"wp:term":[{"taxonomy":"product_cat","embeddable":true,"href":"https:\/\/laespigadeyalalag.com\/index.php\/wp-json\/wp\/v2\/product_cat?post=2568"},{"taxonomy":"product_tag","embeddable":true,"href":"https:\/\/laespigadeyalalag.com\/index.php\/wp-json\/wp\/v2\/product_tag?post=2568"}],"curies":[{"name":"wp","href":"https:\/\/api.w.org\/{rel}","templated":true}]}}