{"id":3,"date":"2021-11-26T15:59:03","date_gmt":"2021-11-26T15:59:03","guid":{"rendered":"https:\/\/laespigadeyalalag.com\/?page_id=3"},"modified":"2021-12-31T02:35:50","modified_gmt":"2021-12-31T08:35:50","slug":"privacy-policy-2","status":"publish","type":"page","link":"https:\/\/laespigadeyalalag.com\/index.php\/privacy-policy-2\/","title":{"rendered":"Aviso de Privacidad"},"content":{"rendered":"\n<h2 class=\"wp-block-heading\"><\/h2>\n\n\n\n<p>AVISO DE PRIVACIDAD<\/p>\n\n\n\n<p>De acuerdo a lo Previsto en la \u201cLey Federal de Protecci\u00f3n de Datos Personales\u201d, declara https:\/\/laespigadeyalalag.com , ser una empresa legalmente constituida de conformidad con las leyes mexicanas, con domicilio en Calle Centenario No 10 barrio de Santa Catalina, Villa Hidalgo Oaxaca M\u00e9xico.; y como responsable del tratamiento de sus datos personales, hace de su conocimiento que la informaci\u00f3n de nuestros clientes es tratada de forma estrictamente confidencial por lo que al proporcionar sus datos personales, tales como:<\/p>\n\n\n\n<p>1. Nombre Completo.<\/p>\n\n\n\n<p>2. Direcci\u00f3n.<\/p>\n\n\n\n<p>3. Registro Federal de Contribuyentes.<\/p>\n\n\n\n<p>4. Tel\u00e9fonos de Hogar, Oficina y m\u00f3viles<\/p>\n\n\n\n<p>5. Correo Electr\u00f3nico.<\/p>\n\n\n\n<p>Estos ser\u00e1n utilizados \u00fanica y exclusivamente para los siguientes fines:<\/p>\n\n\n\n<p>1. Informaci\u00f3n y Prestaci\u00f3n de Servicios.<\/p>\n\n\n\n<p>2. Actualizaci\u00f3n de la Base de Datos para envi\u00f3 de mercanc\u00eda.<\/p>\n\n\n\n<p>3. Cualquier finalidad an\u00e1loga o compatible con las anteriores.<\/p>\n\n\n\n<p>En el caso de Datos sensibles, tales como:<\/p>\n\n\n\n<p>1. Datos Financieros (Ingresos, Estados de Cuenta, y dem\u00e1s relacionados)<\/p>\n\n\n\n<p>4. Referencias familiares y no familiares (Nombre, Direcci\u00f3n, Tel\u00e9fono, relaci\u00f3n, etc.).<\/p>\n\n\n\n<p>Estos ser\u00e1n utilizados \u00fanica y exclusivamente para los siguientes fines:<\/p>\n\n\n\n<p>1. Compra venta dentro del sitio<\/p>\n\n\n\n<p>2. Cualquier finalidad an\u00e1loga o compatible con la anterior.<\/p>\n\n\n\n<p>3. Informaci\u00f3n y Prestaci\u00f3n de Servicios<\/p>\n\n\n\n<p>Para prevenir el acceso no autorizado a sus datos personales y con el fin de asegurar que la informaci\u00f3n sea utilizada para los fines establecidos en este aviso de privacidad, hemos establecido diversos procedimientos de Certificaciones de Seguridad Inform\u00e1tica, cifrando, encriptado&nbsp; y codificando dichos datos con Certificados de seguridad SSL &nbsp;con la finalidad de evitar el uso o divulgaci\u00f3n no autorizados de sus datos, permiti\u00e9ndonos tratarlos debidamente. As\u00ed mismo, le informamos que sus datos personales pueden ser Transmitidos para ser tratados por personas distintas a esta empresa, como lo es en el caso de pasarelas de pago PAYPAL y CONEKTA. Todos sus datos personales son tratados de acuerdo a la legislaci\u00f3n aplicable y vigente en el pa\u00eds, por ello le informamos que usted tiene en todo momento los derechos (ARCO) de acceder, rectificar, cancelar u oponerse al tratamiento que le damos a sus datos personales; derecho que podr\u00e1 hacer valer a trav\u00e9s del \u00c1rea de Privacidad encargada de la seguridad de datos personales por medio de su correo electr\u00f3nico: contacto@laespigadeyalalag.com  A trav\u00e9s de estos canales usted podr\u00e1 actualizar sus datos y especificar el medio por el cual desea recibir informaci\u00f3n, ya que en caso de no contar con esta especificaci\u00f3n de su parte, <a href=\"https:\/\/laespigadeyalalag.com\" data-type=\"URL\" data-id=\"https:\/\/laespigadeyalalag.com\"> https:\/\/laespigadeyalalag.com<\/a><a href=\"https:\/\/laespigadeyalalag.com\"> <\/a>establecer\u00e1 libremente el canal que considere pertinente para enviarle informaci\u00f3n. Este aviso de privacidad podr\u00e1 ser modificado por  https:\/\/laespigadeyalalag.com , dichas modificaciones ser\u00e1n oportunamente informadas a trav\u00e9s de correo electr\u00f3nico, tel\u00e9fono, o cualquier otro medio de comunicaci\u00f3n que <a href=\"https:\/\/laespigadeyalalag.com\"> https:\/\/laespigadeyalalag.com <\/a> determine para tal efecto.<\/p>\n\n\n\n<p>ATENTAMENTE<\/p>\n\n\n\n<p>La Espiga de Yalal\u00e1g<\/p>\n","protected":false},"excerpt":{"rendered":"<p>AVISO DE PRIVACIDAD De acuerdo a lo Previsto en la \u201cLey Federal de Protecci\u00f3n de Datos Personales\u201d, declara https:\/\/laespigadeyalalag.com , ser una empresa legalmente constituida de<span class=\"excerpt-hellip\"> [\u2026]<\/span><\/p>\n","protected":false},"author":1,"featured_media":0,"parent":0,"menu_order":0,"comment_status":"closed","ping_status":"open","template":"","meta":{"footnotes":""},"class_list":["post-3","page","type-page","status-publish","hentry"],"yoast_head":"<!-- This site is optimized with the Yoast SEO plugin v18.8 - https:\/\/yoast.com\/wordpress\/plugins\/seo\/ -->\n<title>Aviso de Privacidad - La Espiga de Yal\u00e1lag<\/title>\n<meta name=\"robots\" content=\"index, follow, max-snippet:-1, max-image-preview:large, max-video-preview:-1\" \/>\n<link rel=\"canonical\" href=\"https:\/\/laespigadeyalalag.com\/index.php\/privacy-policy-2\/\" \/>\n<meta property=\"og:locale\" content=\"es_MX\" \/>\n<meta property=\"og:type\" content=\"article\" \/>\n<meta property=\"og:title\" content=\"Aviso de Privacidad - La Espiga de Yal\u00e1lag\" \/>\n<meta property=\"og:description\" content=\"AVISO DE PRIVACIDAD De acuerdo a lo Previsto en la \u201cLey Federal de Protecci\u00f3n de Datos Personales\u201d, declara https:\/\/laespigadeyalalag.com , ser una empresa legalmente constituida de [\u2026]\" \/>\n<meta property=\"og:url\" content=\"https:\/\/laespigadeyalalag.com\/index.php\/privacy-policy-2\/\" \/>\n<meta property=\"og:site_name\" content=\"La Espiga de Yal\u00e1lag\" \/>\n<meta property=\"article:modified_time\" content=\"2021-12-31T08:35:50+00:00\" \/>\n<meta name=\"twitter:card\" content=\"summary_large_image\" \/>\n<meta name=\"twitter:label1\" content=\"Tiempo de lectura\" \/>\n\t<meta name=\"twitter:data1\" content=\"3 minutos\" \/>\n<script type=\"application\/ld+json\" class=\"yoast-schema-graph\">{\"@context\":\"https:\/\/schema.org\",\"@graph\":[{\"@type\":\"WebSite\",\"@id\":\"https:\/\/laespigadeyalalag.com\/#website\",\"url\":\"https:\/\/laespigadeyalalag.com\/\",\"name\":\"La Espiga de Yal\u00e1lag\",\"description\":\"Tradiciones Bordadas a Mano\",\"potentialAction\":[{\"@type\":\"SearchAction\",\"target\":{\"@type\":\"EntryPoint\",\"urlTemplate\":\"https:\/\/laespigadeyalalag.com\/?s={search_term_string}\"},\"query-input\":\"required name=search_term_string\"}],\"inLanguage\":\"es\"},{\"@type\":\"WebPage\",\"@id\":\"https:\/\/laespigadeyalalag.com\/index.php\/privacy-policy-2\/#webpage\",\"url\":\"https:\/\/laespigadeyalalag.com\/index.php\/privacy-policy-2\/\",\"name\":\"Aviso de Privacidad - La Espiga de Yal\u00e1lag\",\"isPartOf\":{\"@id\":\"https:\/\/laespigadeyalalag.com\/#website\"},\"datePublished\":\"2021-11-26T15:59:03+00:00\",\"dateModified\":\"2021-12-31T08:35:50+00:00\",\"breadcrumb\":{\"@id\":\"https:\/\/laespigadeyalalag.com\/index.php\/privacy-policy-2\/#breadcrumb\"},\"inLanguage\":\"es\",\"potentialAction\":[{\"@type\":\"ReadAction\",\"target\":[\"https:\/\/laespigadeyalalag.com\/index.php\/privacy-policy-2\/\"]}]},{\"@type\":\"BreadcrumbList\",\"@id\":\"https:\/\/laespigadeyalalag.com\/index.php\/privacy-policy-2\/#breadcrumb\",\"itemListElement\":[{\"@type\":\"ListItem\",\"position\":1,\"name\":\"Inicio\",\"item\":\"https:\/\/laespigadeyalalag.com\/\"},{\"@type\":\"ListItem\",\"position\":2,\"name\":\"Aviso de Privacidad\"}]}]}<\/script>\n<!-- \/ Yoast SEO plugin. -->","yoast_head_json":{"title":"Aviso de Privacidad - La Espiga de Yal\u00e1lag","robots":{"index":"index","follow":"follow","max-snippet":"max-snippet:-1","max-image-preview":"max-image-preview:large","max-video-preview":"max-video-preview:-1"},"canonical":"https:\/\/laespigadeyalalag.com\/index.php\/privacy-policy-2\/","og_locale":"es_MX","og_type":"article","og_title":"Aviso de Privacidad - La Espiga de Yal\u00e1lag","og_description":"AVISO DE PRIVACIDAD De acuerdo a lo Previsto en la \u201cLey Federal de Protecci\u00f3n de Datos Personales\u201d, declara https:\/\/laespigadeyalalag.com , ser una empresa legalmente constituida de [\u2026]","og_url":"https:\/\/laespigadeyalalag.com\/index.php\/privacy-policy-2\/","og_site_name":"La Espiga de Yal\u00e1lag","article_modified_time":"2021-12-31T08:35:50+00:00","twitter_card":"summary_large_image","twitter_misc":{"Tiempo de lectura":"3 minutos"},"schema":{"@context":"https:\/\/schema.org","@graph":[{"@type":"WebSite","@id":"https:\/\/laespigadeyalalag.com\/#website","url":"https:\/\/laespigadeyalalag.com\/","name":"La Espiga de Yal\u00e1lag","description":"Tradiciones Bordadas a Mano","potentialAction":[{"@type":"SearchAction","target":{"@type":"EntryPoint","urlTemplate":"https:\/\/laespigadeyalalag.com\/?s={search_term_string}"},"query-input":"required name=search_term_string"}],"inLanguage":"es"},{"@type":"WebPage","@id":"https:\/\/laespigadeyalalag.com\/index.php\/privacy-policy-2\/#webpage","url":"https:\/\/laespigadeyalalag.com\/index.php\/privacy-policy-2\/","name":"Aviso de Privacidad - La Espiga de Yal\u00e1lag","isPartOf":{"@id":"https:\/\/laespigadeyalalag.com\/#website"},"datePublished":"2021-11-26T15:59:03+00:00","dateModified":"2021-12-31T08:35:50+00:00","breadcrumb":{"@id":"https:\/\/laespigadeyalalag.com\/index.php\/privacy-policy-2\/#breadcrumb"},"inLanguage":"es","potentialAction":[{"@type":"ReadAction","target":["https:\/\/laespigadeyalalag.com\/index.php\/privacy-policy-2\/"]}]},{"@type":"BreadcrumbList","@id":"https:\/\/laespigadeyalalag.com\/index.php\/privacy-policy-2\/#breadcrumb","itemListElement":[{"@type":"ListItem","position":1,"name":"Inicio","item":"https:\/\/laespigadeyalalag.com\/"},{"@type":"ListItem","position":2,"name":"Aviso de Privacidad"}]}]}},"_links":{"self":[{"href":"https:\/\/laespigadeyalalag.com\/index.php\/wp-json\/wp\/v2\/pages\/3","targetHints":{"allow":["GET"]}}],"collection":[{"href":"https:\/\/laespigadeyalalag.com\/index.php\/wp-json\/wp\/v2\/pages"}],"about":[{"href":"https:\/\/laespigadeyalalag.com\/index.php\/wp-json\/wp\/v2\/types\/page"}],"author":[{"embeddable":true,"href":"https:\/\/laespigadeyalalag.com\/index.php\/wp-json\/wp\/v2\/users\/1"}],"replies":[{"embeddable":true,"href":"https:\/\/laespigadeyalalag.com\/index.php\/wp-json\/wp\/v2\/comments?post=3"}],"version-history":[{"count":3,"href":"https:\/\/laespigadeyalalag.com\/index.php\/wp-json\/wp\/v2\/pages\/3\/revisions"}],"predecessor-version":[{"id":3057,"href":"https:\/\/laespigadeyalalag.com\/index.php\/wp-json\/wp\/v2\/pages\/3\/revisions\/3057"}],"wp:attachment":[{"href":"https:\/\/laespigadeyalalag.com\/index.php\/wp-json\/wp\/v2\/media?parent=3"}],"curies":[{"name":"wp","href":"https:\/\/api.w.org\/{rel}","templated":true}]}}

<h2 class="wp-block-heading"></h2>



<p>AVISO DE PRIVACIDAD</p>



<p>De acuerdo a lo Previsto en la “Ley Federal de Protección de Datos Personales”, declara https://laespigadeyalalag.com , ser una empresa legalmente constituida de conformidad con las leyes mexicanas, con domicilio en Calle Centenario No 10 barrio de Santa Catalina, Villa Hidalgo Oaxaca México.; y como responsable del tratamiento de sus datos personales, hace de su conocimiento que la información de nuestros clientes es tratada de forma estrictamente confidencial por lo que al proporcionar sus datos personales, tales como:</p>



<p>1. Nombre Completo.</p>



<p>2. Dirección.</p>



<p>3. Registro Federal de Contribuyentes.</p>



<p>4. Teléfonos de Hogar, Oficina y móviles</p>



<p>5. Correo Electrónico.</p>



<p>Estos serán utilizados única y exclusivamente para los siguientes fines:</p>



<p>1. Información y Prestación de Servicios.</p>



<p>2. Actualización de la Base de Datos para envió de mercancía.</p>



<p>3. Cualquier finalidad análoga o compatible con las anteriores.</p>



<p>En el caso de Datos sensibles, tales como:</p>



<p>1. Datos Financieros (Ingresos, Estados de Cuenta, y demás relacionados)</p>



<p>4. Referencias familiares y no familiares (Nombre, Dirección, Teléfono, relación, etc.).</p>



<p>Estos serán utilizados única y exclusivamente para los siguientes fines:</p>



<p>1. Compra venta dentro del sitio</p>



<p>2. Cualquier finalidad análoga o compatible con la anterior.</p>



<p>3. Información y Prestación de Servicios</p>



<p>Para prevenir el acceso no autorizado a sus datos personales y con el fin de asegurar que la información sea utilizada para los fines establecidos en este aviso de privacidad, hemos establecido diversos procedimientos de Certificaciones de Seguridad Informática, cifrando, encriptado&nbsp; y codificando dichos datos con Certificados de seguridad SSL &nbsp;con la finalidad de evitar el uso o divulgación no autorizados de sus datos, permitiéndonos tratarlos debidamente. Así mismo, le informamos que sus datos personales pueden ser Transmitidos para ser tratados por personas distintas a esta empresa, como lo es en el caso de pasarelas de pago PAYPAL y CONEKTA. Todos sus datos personales son tratados de acuerdo a la legislación aplicable y vigente en el país, por ello le informamos que usted tiene en todo momento los derechos (ARCO) de acceder, rectificar, cancelar u oponerse al tratamiento que le damos a sus datos personales; derecho que podrá hacer valer a través del Área de Privacidad encargada de la seguridad de datos personales por medio de su correo electrónico: contacto@laespigadeyalalag.com  A través de estos canales usted podrá actualizar sus datos y especificar el medio por el cual desea recibir información, ya que en caso de no contar con esta especificación de su parte, <a href="https://laespigadeyalalag.com" data-type="URL" data-id="https://laespigadeyalalag.com"> https://laespigadeyalalag.com</a><a href="https://laespigadeyalalag.com"> </a>establecerá libremente el canal que considere pertinente para enviarle información. Este aviso de privacidad podrá ser modificado por  https://laespigadeyalalag.com , dichas modificaciones serán oportunamente informadas a través de correo electrónico, teléfono, o cualquier otro medio de comunicación que <a href="https://laespigadeyalalag.com"> https://laespigadeyalalag.com </a> determine para tal efecto.</p>



<p>ATENTAMENTE</p>



<p>La Espiga de Yalalág</p>

<p>AVISO DE PRIVACIDAD De acuerdo a lo Previsto en la “Ley Federal de Protección de Datos Personales”, declara https://laespigadeyalalag.com , ser una empresa legalmente constituida de<span class="excerpt-hellip"> […]</span></p>

<!-- This site is optimized with the Yoast SEO plugin v18.8 - https://yoast.com/wordpress/plugins/seo/ -->
<title>Aviso de Privacidad - La Espiga de Yalálag</title>
<meta name="robots" content="index, follow, max-snippet:-1, max-image-preview:large, max-video-preview:-1" />
<link rel="canonical" href="https://laespigadeyalalag.com/index.php/privacy-policy-2/" />
<meta property="og:locale" content="es_MX" />
<meta property="og:type" content="article" />
<meta property="og:title" content="Aviso de Privacidad - La Espiga de Yalálag" />
<meta property="og:description" content="AVISO DE PRIVACIDAD De acuerdo a lo Previsto en la “Ley Federal de Protección de Datos Personales”, declara https://laespigadeyalalag.com , ser una empresa legalmente constituida de […]" />
<meta property="og:url" content="https://laespigadeyalalag.com/index.php/privacy-policy-2/" />
<meta property="og:site_name" content="La Espiga de Yalálag" />
<meta property="article:modified_time" content="2021-12-31T08:35:50+00:00" />
<meta name="twitter:card" content="summary_large_image" />
<meta name="twitter:label1" content="Tiempo de lectura" />
	<meta name="twitter:data1" content="3 minutos" />
<script type="application/ld+json" class="yoast-schema-graph">{"@context":"https://schema.org","@graph":[{"@type":"WebSite","@id":"https://laespigadeyalalag.com/#website","url":"https://laespigadeyalalag.com/","name":"La Espiga de Yalálag","description":"Tradiciones Bordadas a Mano","potentialAction":[{"@type":"SearchAction","target":{"@type":"EntryPoint","urlTemplate":"https://laespigadeyalalag.com/?s={search_term_string}"},"query-input":"required name=search_term_string"}],"inLanguage":"es"},{"@type":"WebPage","@id":"https://laespigadeyalalag.com/index.php/privacy-policy-2/#webpage","url":"https://laespigadeyalalag.com/index.php/privacy-policy-2/","name":"Aviso de Privacidad - La Espiga de Yalálag","isPartOf":{"@id":"https://laespigadeyalalag.com/#website"},"datePublished":"2021-11-26T15:59:03+00:00","dateModified":"2021-12-31T08:35:50+00:00","breadcrumb":{"@id":"https://laespigadeyalalag.com/index.php/privacy-policy-2/#breadcrumb"},"inLanguage":"es","potentialAction":[{"@type":"ReadAction","target":["https://laespigadeyalalag.com/index.php/privacy-policy-2/"]}]},{"@type":"BreadcrumbList","@id":"https://laespigadeyalalag.com/index.php/privacy-policy-2/#breadcrumb","itemListElement":[{"@type":"ListItem","position":1,"name":"Inicio","item":"https://laespigadeyalalag.com/"},{"@type":"ListItem","position":2,"name":"Aviso de Privacidad"}]}]}</script>
<!-- / Yoast SEO plugin. -->

Aviso de Privacidad - La Espiga de Yalálag

AVISO DE PRIVACIDAD De acuerdo a lo Previsto en la “Ley Federal de Protección de Datos Personales”, declara https://laespigadeyalalag.com , ser una empresa legalmente constituida de […]

La Espiga de Yalálag
